{"id":93130,"date":"2024-03-13T16:59:58","date_gmt":"2024-03-13T15:59:58","guid":{"rendered":"https:\/\/www.esmuc.cat\/professorat\/david-xirgu\/"},"modified":"2024-03-28T14:22:14","modified_gmt":"2024-03-28T13:22:14","slug":"david-xirgu","status":"publish","type":"professorat","link":"https:\/\/www.esmuc.cat\/es\/professorat\/david-xirgu\/","title":{"rendered":"David Xirgu"},"content":{"rendered":"\n<p>Nacido en Badalona. La m\u00fasica que escuchaba en su casa desde muy peque\u00f1o era: Por parte del padre; el jazz (Arte Blakey, Monk, Max Roach, Miles Davis, Modern Jazz Quartet, Dave Brubeck). Por parte de las hermanas; la m\u00fasica soul y funk (James Brown, Ottis Redding, Sly &amp; The Family Stone, Aretha Franklin); y por parte de la madre; zarzuela, copla y folclore catal\u00e1n.  <br>De los 10 a los 15 a\u00f1os estudi\u00f3 piano y solfeo en el Conservatorio Superior de M\u00fasica del Liceu. La bater\u00eda era su instrumento de siempre, pero la tocaba de forma autodidacta. A los 18 comienza a estudiar en escuelas de m\u00fasica moderna (Aula y El Taller).  <br>Desde 1985 ha sido miembro y\/o fundador de un gran n\u00famero de grupos musicales. Tambi\u00e9n ha liderado su propio cuarteto, con el que ha grabado dos CDs. <br>Asimismo, pudo tocar con m\u00fasicos de reconocido prestigio como John Abercrombie, Dave Douglas, Vince Mendoza, Dave Liebman, Fred Hersch, Norma Winstone, Ingrid Jensen, Mark Feldman, Kurt Rosenwinkel, Ben Monder, Art Farmer, Chris Cheek, Charles Tolliver, Dave Schnitter, o Mulgrew Miller.<br>Tiene grabados m\u00e1s de ochenta discos de jazz.<\/p>\n","protected":false},"featured_media":7993,"template":"","class_list":["post-93130","professorat","type-professorat","status-publish","has-post-thumbnail","hentry"],"acf":[],"publishpress_future_workflow_manual_trigger":{"enabledWorkflows":[]},"_links":{"self":[{"href":"https:\/\/www.esmuc.cat\/es\/wp-json\/wp\/v2\/professorat\/93130","targetHints":{"allow":["GET"]}}],"collection":[{"href":"https:\/\/www.esmuc.cat\/es\/wp-json\/wp\/v2\/professorat"}],"about":[{"href":"https:\/\/www.esmuc.cat\/es\/wp-json\/wp\/v2\/types\/professorat"}],"wp:featuredmedia":[{"embeddable":true,"href":"https:\/\/www.esmuc.cat\/es\/wp-json\/wp\/v2\/media\/7993"}],"wp:attachment":[{"href":"https:\/\/www.esmuc.cat\/es\/wp-json\/wp\/v2\/media?parent=93130"}],"curies":[{"name":"wp","href":"https:\/\/api.w.org\/{rel}","templated":true}]}}

<p>Nacido en Badalona. La música que escuchaba en su casa desde muy pequeño era: Por parte del padre; el jazz (Arte Blakey, Monk, Max Roach, Miles Davis, Modern Jazz Quartet, Dave Brubeck). Por parte de las hermanas; la música soul y funk (James Brown, Ottis Redding, Sly &amp; The Family Stone, Aretha Franklin); y por parte de la madre; zarzuela, copla y folclore catalán.  <br>De los 10 a los 15 años estudió piano y solfeo en el Conservatorio Superior de Música del Liceu. La batería era su instrumento de siempre, pero la tocaba de forma autodidacta. A los 18 comienza a estudiar en escuelas de música moderna (Aula y El Taller).  <br>Desde 1985 ha sido miembro y/o fundador de un gran número de grupos musicales. También ha liderado su propio cuarteto, con el que ha grabado dos CDs. <br>Asimismo, pudo tocar con músicos de reconocido prestigio como John Abercrombie, Dave Douglas, Vince Mendoza, Dave Liebman, Fred Hersch, Norma Winstone, Ingrid Jensen, Mark Feldman, Kurt Rosenwinkel, Ben Monder, Art Farmer, Chris Cheek, Charles Tolliver, Dave Schnitter, o Mulgrew Miller.<br>Tiene grabados más de ochenta discos de jazz.</p>
