{"id":89597,"date":"2024-01-11T10:11:12","date_gmt":"2024-01-11T09:11:12","guid":{"rendered":"https:\/\/www.esmuc.cat\/sobre-lesmuc\/qualitat\/datos-e-indicadores\/datos-e-indicadores-de-master-acceso-y-matricula\/"},"modified":"2024-01-23T12:46:42","modified_gmt":"2024-01-23T11:46:42","slug":"datos-e-indicadores-de-master-acceso-y-matricula","status":"publish","type":"page","link":"https:\/\/www.esmuc.cat\/es\/escuela\/sobre-lesmuc\/qualitat\/datos-e-indicadores\/datos-e-indicadores-de-master-acceso-y-matricula\/","title":{"rendered":"Datos e indicadores de M\u00e1ster: acceso y matr\u00edcula"},"content":{"rendered":"\n<div class=\"wp-block-columns is-layout-flex wp-container-core-columns-is-layout-9d6595d7 wp-block-columns-is-layout-flex\">\n<div class=\"wp-block-column esmuc__Menu_Masters is-layout-flow wp-block-column-is-layout-flow\" style=\"flex-basis:33.33%\">\n\n<\/div>\n\n\n\n<div class=\"wp-block-column is-layout-flow wp-block-column-is-layout-flow\" style=\"flex-basis:66.66%\"><div class=\"breadcrumbs align  wp-block-bcn-breadcrumb-trail has-text-color has-background\" vocab=\"https:\/\/schema.org\/\" typeof=\"BreadcrumbList\">\n\t<span><\/span>\n\t<span property=\"itemListElement\" typeof=\"ListItem\"><a property=\"item\" typeof=\"WebPage\" title=\"Ir a ESMUC.\" href=\"https:\/\/www.esmuc.cat\/es\/\" class=\"home\" ><span property=\"name\">ESMUC<\/span><\/a><meta property=\"position\" content=\"1\"><\/span> &gt; <span property=\"itemListElement\" typeof=\"ListItem\"><a property=\"item\" typeof=\"WebPage\" title=\"Ir a Escuela.\" href=\"https:\/\/www.esmuc.cat\/es\/escuela\/\" class=\"post post-page\" ><span property=\"name\">Escuela<\/span><\/a><meta property=\"position\" content=\"2\"><\/span> &gt; <span property=\"itemListElement\" typeof=\"ListItem\"><a property=\"item\" typeof=\"WebPage\" title=\"Ir a Sobre la ESMUC.\" href=\"https:\/\/www.esmuc.cat\/es\/escuela\/sobre-lesmuc\/\" class=\"post post-page\" ><span property=\"name\">Sobre la ESMUC<\/span><\/a><meta property=\"position\" content=\"3\"><\/span> &gt; <span property=\"itemListElement\" typeof=\"ListItem\"><a property=\"item\" typeof=\"WebPage\" title=\"Ir a Calidad.\" href=\"https:\/\/www.esmuc.cat\/es\/escuela\/sobre-lesmuc\/qualitat\/\" class=\"post post-page\" ><span property=\"name\">Calidad<\/span><\/a><meta property=\"position\" content=\"4\"><\/span> &gt; <span property=\"itemListElement\" typeof=\"ListItem\"><a property=\"item\" typeof=\"WebPage\" title=\"Ir a Datos e indicadores.\" href=\"https:\/\/www.esmuc.cat\/es\/escuela\/sobre-lesmuc\/qualitat\/datos-e-indicadores\/\" class=\"post post-page\" ><span property=\"name\">Datos e indicadores<\/span><\/a><meta property=\"position\" content=\"5\"><\/span> &gt; <span property=\"itemListElement\" typeof=\"ListItem\"><span property=\"name\" class=\"post post-page current-item\">Datos e indicadores de M\u00e1ster: acceso y matr\u00edcula<\/span><meta property=\"url\" content=\"https:\/\/www.esmuc.cat\/es\/escuela\/sobre-lesmuc\/qualitat\/datos-e-indicadores\/datos-e-indicadores-de-master-acceso-y-matricula\/\"><meta property=\"position\" content=\"6\"><\/span><\/div>\n\n\n\n<h2 class=\"wp-block-heading\" id=\"1-dades-i-indicadors-de-grau\">Datos e indicadores de M\u00e1ster<\/h2>\n\n\n\n<h3 class=\"wp-block-heading\" id=\"2-acc%C3%A9s-i-matr%C3%ADcula\">Acceso y matr\u00edcula<\/h3>\n\n\n\n<div style=\"height:30px\" aria-hidden=\"true\" class=\"wp-block-spacer\"><\/div>\n\n\n\n<section id=\"gmb64e0bb\" class=\"wp-block-gutentor-m3 section-gmb64e0bb gutentor-module gutentor-container-cover\"><div class=\"grid-container\">\n<p>Para cursar un master art\u00edstico es obligatorio estar en posesi\u00f3n de un t\u00edtulo de grado en ense\u00f1anzas art\u00edsticas o acreditar los conocimientos musicales requeridos para el desarrollo de las titulaciones. La Escuela Superior de M\u00fasica de Catalu\u00f1a ofrece cada a\u00f1o 160 plazas de ingreso en los estudios de m\u00e1ster, distribuidas en seis titulaciones diferentes: interpretaci\u00f3n de la m\u00fasica cl\u00e1sica y contempor\u00e1nea, interpretaci\u00f3n del flamenco, interpretaci\u00f3n del Lied, interpretaci\u00f3n y composici\u00f3n jazz, flamencolog\u00eda y investigaci\u00f3n musical. <\/p>\n\n\n\n<div style=\"height:20px\" aria-hidden=\"true\" class=\"wp-block-spacer\"><\/div>\n\n\n\n<section id=\"gm0094539\" class=\"wp-block-gutentor-m3 section-gm0094539 gutentor-module gutentor-container-cover has-color-bg has-custom-bg\"><div class=\"grid-container\">\n<h5 class=\"wp-block-heading\" id=\"3-indicadors-de-la-dimensi%C3%B3\">Indicadores de la dimensi\u00f3n<\/h5>\n\n\n\n<div id=\"section-gfe5a69\" class=\"wp-block-gutentor-e7 section-gfe5a69 gutentor-element gutentor-element-list\"><ul class=\"grid-row gutentor-grid-item-wrap list-indicator-icon\"><li class=\"gutentor-list-item grid-lg-12 grid-md-12 grid-12\"><span class=\"gutentor-single-item gutentor-single-item-0\"><span class=\"gutentor-list-item-wrap g-s-list-wrap\"><span class=\"gutentor-single-list-item-icon\"><i class=\"list-item-icon fas fa-angle-right\"><\/i><\/span><span class=\"gutentor-list-item\"><p class=\"gutentor-single-item-title\"><strong>Solicitudes<\/strong>: n\u00famero de candidatos\/as que solicitan el ingreso a los estudios.<\/p><\/span><\/span><\/span><\/li><li class=\"gutentor-list-item grid-lg-12 grid-md-12 grid-12\"><span class=\"gutentor-single-item gutentor-single-item-1\"><span class=\"gutentor-list-item-wrap g-s-list-wrap\"><span class=\"gutentor-single-list-item-icon\"><i class=\"list-item-icon fas fa-angle-right\"><\/i><\/span><span class=\"gutentor-list-item\"><p class=\"gutentor-single-item-title\"><strong>Demanda<\/strong>: porcentaje de solicitudes por plazas ofrecidas.<\/p><\/span><\/span><\/span><\/li><li class=\"gutentor-list-item grid-lg-12 grid-md-12 grid-12\"><span class=\"gutentor-single-item gutentor-single-item-2\"><span class=\"gutentor-list-item-wrap g-s-list-wrap\"><span class=\"gutentor-single-list-item-icon\"><i class=\"list-item-icon fas fa-angle-right\"><\/i><\/span><span class=\"gutentor-list-item\"><p class=\"gutentor-single-item-title\"><strong>Aspirantes<\/strong>: n\u00famero de candidatos\/as que se presentan al proceso de selecci\u00f3n de acceso de un m\u00e1ster.<\/p><\/span><\/span><\/span><\/li><li class=\"gutentor-list-item grid-lg-12 grid-md-12 grid-12\"><span class=\"gutentor-single-item gutentor-single-item-3\"><span class=\"gutentor-list-item-wrap g-s-list-wrap\"><span class=\"gutentor-single-list-item-icon\"><i class=\"list-item-icon fas fa-angle-right\"><\/i><\/span><span class=\"gutentor-list-item\"><p class=\"gutentor-single-item-title\"><strong>Matriculados<\/strong>: candidatos admitidos que se matriculan.<\/p><\/span><\/span><\/span><\/li><\/ul><\/div>\n<\/div><\/section>\n\n\n\n<div style=\"height:20px\" aria-hidden=\"true\" class=\"wp-block-spacer\"><\/div>\n\n\n\n<section id=\"gma90964f\" class=\"wp-block-gutentor-m3 section-gma90964f gutentor-module gutentor-container-cover\"><div class=\"grid-container\">\n<div class=\"wp-block-columns is-layout-flex wp-container-core-columns-is-layout-9d6595d7 wp-block-columns-is-layout-flex\">\n<div class=\"wp-block-column is-layout-flow wp-block-column-is-layout-flow\">\n<div id=\"section-ge9d702\" class=\"wp-block-gutentor-e2 section-ge9d702 gutentor-element gutentor-element-button gutentor-btn-full-desktop\"><span class=\"gutentor-button-wrap\"><a class=\"gutentor-button gutentor-block-button gutentor-icon-hide\" href=\"https:\/\/www.esmuc.cat\/es\/sobre-lesmuc\/qualitat\/datos-e-indicadores\/datos-e-indicadores-de-master-acceso-y-matricula\/datos-e-indicadores-de-master-accesi-y-matricula-datos-generales\/\"><i class=\"gutentor-button-icon fas fa-arrow-right\"><\/i><span>Informaci\u00f3n general<\/span><\/a><\/span><\/div>\n\n\n\n<div id=\"section-gf84bf6\" class=\"wp-block-gutentor-e2 section-gf84bf6 gutentor-element gutentor-element-button gutentor-btn-full-desktop\"><span class=\"gutentor-button-wrap\"><a class=\"gutentor-button gutentor-block-button gutentor-icon-hide\" href=\"https:\/\/www.esmuc.cat\/es\/sobre-lesmuc\/qualitat\/datos-e-indicadores\/datos-e-indicadores-de-master-acceso-y-matricula\/datos-e-indicadores-de-master-acceso-y-matricula-flamenco\/\"><i class=\"gutentor-button-icon fas fa-book\"><\/i><span>Interpretaci\u00f3n del Flamenco<\/span><\/a><\/span><\/div>\n\n\n\n<div id=\"section-g1ecfe9\" class=\"wp-block-gutentor-e2 section-g1ecfe9 gutentor-element gutentor-element-button gutentor-btn-full-desktop\"><span class=\"gutentor-button-wrap\"><a class=\"gutentor-button gutentor-block-button gutentor-icon-hide\" href=\"https:\/\/www.esmuc.cat\/es\/sobre-lesmuc\/qualitat\/datos-e-indicadores\/datos-e-indicadores-de-master-acceso-y-matricula\/datos-e-indicadores-de-master-acceso-y-matricula-jazz\/\"><i class=\"gutentor-button-icon fas fa-book\"><\/i><span>Barcelona Jazz Master<\/span><\/a><\/span><\/div>\n\n\n\n<div id=\"section-gb5c95b\" class=\"wp-block-gutentor-e2 section-gb5c95b gutentor-element gutentor-element-button gutentor-btn-full-desktop\"><span class=\"gutentor-button-wrap\"><a class=\"gutentor-button gutentor-block-button gutentor-icon-hide\" href=\"https:\/\/www.esmuc.cat\/es\/sobre-lesmuc\/qualitat\/datos-e-indicadores\/datos-e-indicadores-de-master-acceso-y-matricula\/datos-e-indicadores-de-master-acceso-y-matricula-lied\/\"><i class=\"gutentor-button-icon fas fa-book\"><\/i><span>Lied &#8220;Victoria de los \u00c1ngeles&#8221;<\/span><\/a><\/span><\/div>\n<\/div>\n\n\n\n<div class=\"wp-block-column is-layout-flow wp-block-column-is-layout-flow\">\n<div id=\"section-g4a58fb\" class=\"wp-block-gutentor-e2 section-g4a58fb gutentor-element gutentor-element-button gutentor-btn-full-desktop\"><span class=\"gutentor-button-wrap\"><a class=\"gutentor-button gutentor-block-button gutentor-icon-hide\" href=\"https:\/\/www.esmuc.cat\/es\/sobre-lesmuc\/qualitat\/datos-e-indicadores\/datos-e-indicadores-de-master-acceso-y-matricula\/datos-e-indicadores-de-master-acceso-y-matricula-clasica\/\"><i class=\"gutentor-button-icon fas fa-book\"><\/i><span>M\u00fasica Cl\u00e1sica y Contempor\u00e1nea<\/span><\/a><\/span><\/div>\n\n\n\n<div id=\"section-g30e290\" class=\"wp-block-gutentor-e2 section-g30e290 gutentor-element gutentor-element-button gutentor-btn-full-desktop\"><span class=\"gutentor-button-wrap\"><a class=\"gutentor-button gutentor-block-button gutentor-icon-hide\" href=\"https:\/\/www.esmuc.cat\/es\/sobre-lesmuc\/qualitat\/datos-e-indicadores\/datos-e-indicadores-de-master-acceso-y-matricula\/datos-e-indicadores-de-master-acceso-y-matricula-flamencologia\/\"><i class=\"gutentor-button-icon fas fa-book\"><\/i><span>Flamencolog\u00eda<\/span><\/a><\/span><\/div>\n\n\n\n<div id=\"section-gf6e687\" class=\"wp-block-gutentor-e2 section-gf6e687 gutentor-element gutentor-element-button gutentor-btn-full-desktop\"><span class=\"gutentor-button-wrap\"><a class=\"gutentor-button gutentor-block-button gutentor-icon-hide\" href=\"https:\/\/www.esmuc.cat\/es\/sobre-lesmuc\/qualitat\/datos-e-indicadores\/datos-e-indicadores-de-master-acceso-y-matricula\/datos-e-indicadores-de-master-acceso-y-matricula-investigacion\/\"><i class=\"gutentor-button-icon fas fa-book\"><\/i><span>Investigaci\u00f3n Musical<\/span><\/a><\/span><\/div>\n<\/div>\n<\/div>\n\n\n\n<p><\/p>\n<\/div><\/section>\n<\/div><\/section>\n<\/div>\n<\/div>\n","protected":false},"excerpt":{"rendered":"<p>Datos e indicadores de M\u00e1ster Acceso y matr\u00edcula<\/p>\n","protected":false},"author":4,"featured_media":82063,"parent":82204,"menu_order":0,"comment_status":"closed","ping_status":"closed","template":"","meta":{"_acf_changed":false,"_themeisle_gutenberg_block_has_review":false,"footnotes":""},"categories":[1112,923],"tags":[1606],"class_list":["post-89597","page","type-page","status-publish","has-post-thumbnail","hentry","category-masters-es","category-sobre-lesmuc-es","tag-avaluacio-de-qualitat-es"],"acf":[],"publishpress_future_action":{"enabled":false,"date":"2026-05-07 05:19:04","action":"change-status","newStatus":"draft","terms":[],"taxonomy":"category","extraData":[]},"publishpress_future_workflow_manual_trigger":{"enabledWorkflows":[]},"_links":{"self":[{"href":"https:\/\/www.esmuc.cat\/es\/wp-json\/wp\/v2\/pages\/89597","targetHints":{"allow":["GET"]}}],"collection":[{"href":"https:\/\/www.esmuc.cat\/es\/wp-json\/wp\/v2\/pages"}],"about":[{"href":"https:\/\/www.esmuc.cat\/es\/wp-json\/wp\/v2\/types\/page"}],"author":[{"embeddable":true,"href":"https:\/\/www.esmuc.cat\/es\/wp-json\/wp\/v2\/users\/4"}],"replies":[{"embeddable":true,"href":"https:\/\/www.esmuc.cat\/es\/wp-json\/wp\/v2\/comments?post=89597"}],"version-history":[{"count":3,"href":"https:\/\/www.esmuc.cat\/es\/wp-json\/wp\/v2\/pages\/89597\/revisions"}],"predecessor-version":[{"id":90173,"href":"https:\/\/www.esmuc.cat\/es\/wp-json\/wp\/v2\/pages\/89597\/revisions\/90173"}],"up":[{"embeddable":true,"href":"https:\/\/www.esmuc.cat\/es\/wp-json\/wp\/v2\/pages\/82204"}],"wp:featuredmedia":[{"embeddable":true,"href":"https:\/\/www.esmuc.cat\/es\/wp-json\/wp\/v2\/media\/82063"}],"wp:attachment":[{"href":"https:\/\/www.esmuc.cat\/es\/wp-json\/wp\/v2\/media?parent=89597"}],"wp:term":[{"taxonomy":"category","embeddable":true,"href":"https:\/\/www.esmuc.cat\/es\/wp-json\/wp\/v2\/categories?post=89597"},{"taxonomy":"post_tag","embeddable":true,"href":"https:\/\/www.esmuc.cat\/es\/wp-json\/wp\/v2\/tags?post=89597"}],"curies":[{"name":"wp","href":"https:\/\/api.w.org\/{rel}","templated":true}]}}

Datos e indicadores de Máster: acceso y matrícula

<div class="wp-block-columns is-layout-flex wp-container-core-columns-is-layout-9d6595d7 wp-block-columns-is-layout-flex">
<div class="wp-block-column esmuc__Menu_Masters is-layout-flow wp-block-column-is-layout-flow" style="flex-basis:33.33%">

</div>



<div class="wp-block-column is-layout-flow wp-block-column-is-layout-flow" style="flex-basis:66.66%"><div class="breadcrumbs align  wp-block-bcn-breadcrumb-trail has-text-color has-background" vocab="https://schema.org/" typeof="BreadcrumbList">
	<span></span>
	<span property="itemListElement" typeof="ListItem"><a property="item" typeof="WebPage" title="Ir a ESMUC." href="https://www.esmuc.cat/es/" class="home" ><span property="name">ESMUC</span></a><meta property="position" content="1"></span> &gt; <span property="itemListElement" typeof="ListItem"><a property="item" typeof="WebPage" title="Ir a Escuela." href="https://www.esmuc.cat/es/escuela/" class="post post-page" ><span property="name">Escuela</span></a><meta property="position" content="2"></span> &gt; <span property="itemListElement" typeof="ListItem"><a property="item" typeof="WebPage" title="Ir a Sobre la ESMUC." href="https://www.esmuc.cat/es/escuela/sobre-lesmuc/" class="post post-page" ><span property="name">Sobre la ESMUC</span></a><meta property="position" content="3"></span> &gt; <span property="itemListElement" typeof="ListItem"><a property="item" typeof="WebPage" title="Ir a Calidad." href="https://www.esmuc.cat/es/escuela/sobre-lesmuc/qualitat/" class="post post-page" ><span property="name">Calidad</span></a><meta property="position" content="4"></span> &gt; <span property="itemListElement" typeof="ListItem"><a property="item" typeof="WebPage" title="Ir a Datos e indicadores." href="https://www.esmuc.cat/es/escuela/sobre-lesmuc/qualitat/datos-e-indicadores/" class="post post-page" ><span property="name">Datos e indicadores</span></a><meta property="position" content="5"></span> &gt; <span property="itemListElement" typeof="ListItem"><span property="name" class="post post-page current-item">Datos e indicadores de Máster: acceso y matrícula</span><meta property="url" content="https://www.esmuc.cat/es/escuela/sobre-lesmuc/qualitat/datos-e-indicadores/datos-e-indicadores-de-master-acceso-y-matricula/"><meta property="position" content="6"></span></div>



<h2 class="wp-block-heading" id="1-dades-i-indicadors-de-grau">Datos e indicadores de Máster</h2>



<h3 class="wp-block-heading" id="2-acc%C3%A9s-i-matr%C3%ADcula">Acceso y matrícula</h3>



<div style="height:30px" aria-hidden="true" class="wp-block-spacer"></div>



<section id="gmb64e0bb" class="wp-block-gutentor-m3 section-gmb64e0bb gutentor-module gutentor-container-cover"><div class="grid-container">
<p>Para cursar un master artístico es obligatorio estar en posesión de un título de grado en enseñanzas artísticas o acreditar los conocimientos musicales requeridos para el desarrollo de las titulaciones. La Escuela Superior de Música de Cataluña ofrece cada año 160 plazas de ingreso en los estudios de máster, distribuidas en seis titulaciones diferentes: interpretación de la música clásica y contemporánea, interpretación del flamenco, interpretación del Lied, interpretación y composición jazz, flamencología y investigación musical. </p>



<div style="height:20px" aria-hidden="true" class="wp-block-spacer"></div>



<section id="gm0094539" class="wp-block-gutentor-m3 section-gm0094539 gutentor-module gutentor-container-cover has-color-bg has-custom-bg"><div class="grid-container">
<h5 class="wp-block-heading" id="3-indicadors-de-la-dimensi%C3%B3">Indicadores de la dimensión</h5>



<div id="section-gfe5a69" class="wp-block-gutentor-e7 section-gfe5a69 gutentor-element gutentor-element-list"><ul class="grid-row gutentor-grid-item-wrap list-indicator-icon"><li class="gutentor-list-item grid-lg-12 grid-md-12 grid-12"><span class="gutentor-single-item gutentor-single-item-0"><span class="gutentor-list-item-wrap g-s-list-wrap"><span class="gutentor-single-list-item-icon"><i class="list-item-icon fas fa-angle-right"></i></span><span class="gutentor-list-item"><p class="gutentor-single-item-title"><strong>Solicitudes</strong>: número de candidatos/as que solicitan el ingreso a los estudios.</p></span></span></span></li><li class="gutentor-list-item grid-lg-12 grid-md-12 grid-12"><span class="gutentor-single-item gutentor-single-item-1"><span class="gutentor-list-item-wrap g-s-list-wrap"><span class="gutentor-single-list-item-icon"><i class="list-item-icon fas fa-angle-right"></i></span><span class="gutentor-list-item"><p class="gutentor-single-item-title"><strong>Demanda</strong>: porcentaje de solicitudes por plazas ofrecidas.</p></span></span></span></li><li class="gutentor-list-item grid-lg-12 grid-md-12 grid-12"><span class="gutentor-single-item gutentor-single-item-2"><span class="gutentor-list-item-wrap g-s-list-wrap"><span class="gutentor-single-list-item-icon"><i class="list-item-icon fas fa-angle-right"></i></span><span class="gutentor-list-item"><p class="gutentor-single-item-title"><strong>Aspirantes</strong>: número de candidatos/as que se presentan al proceso de selección de acceso de un máster.</p></span></span></span></li><li class="gutentor-list-item grid-lg-12 grid-md-12 grid-12"><span class="gutentor-single-item gutentor-single-item-3"><span class="gutentor-list-item-wrap g-s-list-wrap"><span class="gutentor-single-list-item-icon"><i class="list-item-icon fas fa-angle-right"></i></span><span class="gutentor-list-item"><p class="gutentor-single-item-title"><strong>Matriculados</strong>: candidatos admitidos que se matriculan.</p></span></span></span></li></ul></div>
</div></section>



<div style="height:20px" aria-hidden="true" class="wp-block-spacer"></div>



<section id="gma90964f" class="wp-block-gutentor-m3 section-gma90964f gutentor-module gutentor-container-cover"><div class="grid-container">
<div class="wp-block-columns is-layout-flex wp-container-core-columns-is-layout-9d6595d7 wp-block-columns-is-layout-flex">
<div class="wp-block-column is-layout-flow wp-block-column-is-layout-flow">
<div id="section-ge9d702" class="wp-block-gutentor-e2 section-ge9d702 gutentor-element gutentor-element-button gutentor-btn-full-desktop"><span class="gutentor-button-wrap"><a class="gutentor-button gutentor-block-button gutentor-icon-hide" href="https://www.esmuc.cat/es/sobre-lesmuc/qualitat/datos-e-indicadores/datos-e-indicadores-de-master-acceso-y-matricula/datos-e-indicadores-de-master-accesi-y-matricula-datos-generales/"><i class="gutentor-button-icon fas fa-arrow-right"></i><span>Información general</span></a></span></div>



<div id="section-gf84bf6" class="wp-block-gutentor-e2 section-gf84bf6 gutentor-element gutentor-element-button gutentor-btn-full-desktop"><span class="gutentor-button-wrap"><a class="gutentor-button gutentor-block-button gutentor-icon-hide" href="https://www.esmuc.cat/es/sobre-lesmuc/qualitat/datos-e-indicadores/datos-e-indicadores-de-master-acceso-y-matricula/datos-e-indicadores-de-master-acceso-y-matricula-flamenco/"><i class="gutentor-button-icon fas fa-book"></i><span>Interpretación del Flamenco</span></a></span></div>



<div id="section-g1ecfe9" class="wp-block-gutentor-e2 section-g1ecfe9 gutentor-element gutentor-element-button gutentor-btn-full-desktop"><span class="gutentor-button-wrap"><a class="gutentor-button gutentor-block-button gutentor-icon-hide" href="https://www.esmuc.cat/es/sobre-lesmuc/qualitat/datos-e-indicadores/datos-e-indicadores-de-master-acceso-y-matricula/datos-e-indicadores-de-master-acceso-y-matricula-jazz/"><i class="gutentor-button-icon fas fa-book"></i><span>Barcelona Jazz Master</span></a></span></div>



<div id="section-gb5c95b" class="wp-block-gutentor-e2 section-gb5c95b gutentor-element gutentor-element-button gutentor-btn-full-desktop"><span class="gutentor-button-wrap"><a class="gutentor-button gutentor-block-button gutentor-icon-hide" href="https://www.esmuc.cat/es/sobre-lesmuc/qualitat/datos-e-indicadores/datos-e-indicadores-de-master-acceso-y-matricula/datos-e-indicadores-de-master-acceso-y-matricula-lied/"><i class="gutentor-button-icon fas fa-book"></i><span>Lied &#8220;Victoria de los Ángeles&#8221;</span></a></span></div>
</div>



<div class="wp-block-column is-layout-flow wp-block-column-is-layout-flow">
<div id="section-g4a58fb" class="wp-block-gutentor-e2 section-g4a58fb gutentor-element gutentor-element-button gutentor-btn-full-desktop"><span class="gutentor-button-wrap"><a class="gutentor-button gutentor-block-button gutentor-icon-hide" href="https://www.esmuc.cat/es/sobre-lesmuc/qualitat/datos-e-indicadores/datos-e-indicadores-de-master-acceso-y-matricula/datos-e-indicadores-de-master-acceso-y-matricula-clasica/"><i class="gutentor-button-icon fas fa-book"></i><span>Música Clásica y Contemporánea</span></a></span></div>



<div id="section-g30e290" class="wp-block-gutentor-e2 section-g30e290 gutentor-element gutentor-element-button gutentor-btn-full-desktop"><span class="gutentor-button-wrap"><a class="gutentor-button gutentor-block-button gutentor-icon-hide" href="https://www.esmuc.cat/es/sobre-lesmuc/qualitat/datos-e-indicadores/datos-e-indicadores-de-master-acceso-y-matricula/datos-e-indicadores-de-master-acceso-y-matricula-flamencologia/"><i class="gutentor-button-icon fas fa-book"></i><span>Flamencología</span></a></span></div>



<div id="section-gf6e687" class="wp-block-gutentor-e2 section-gf6e687 gutentor-element gutentor-element-button gutentor-btn-full-desktop"><span class="gutentor-button-wrap"><a class="gutentor-button gutentor-block-button gutentor-icon-hide" href="https://www.esmuc.cat/es/sobre-lesmuc/qualitat/datos-e-indicadores/datos-e-indicadores-de-master-acceso-y-matricula/datos-e-indicadores-de-master-acceso-y-matricula-investigacion/"><i class="gutentor-button-icon fas fa-book"></i><span>Investigación Musical</span></a></span></div>
</div>
</div>



<p></p>
</div></section>
</div></section>
</div>
</div>

<p>Datos e indicadores de Máster Acceso y matrícula</p>
