{"id":41399,"date":"2021-10-11T11:57:05","date_gmt":"2021-10-11T09:57:05","guid":{"rendered":"https:\/\/www.esmuc.cat\/familia-aguilella-salgado\/"},"modified":"2022-05-13T15:21:17","modified_gmt":"2022-05-13T13:21:17","slug":"familia-aguilella-salgado","status":"publish","type":"page","link":"https:\/\/www.esmuc.cat\/es\/servicios\/biblioteca-crai\/fondos-y-colecciones\/archivos-y-fondos-personales\/familia-aguilella-salgado\/","title":{"rendered":"Familia Aguilella Salgado"},"content":{"rendered":"\n<div class=\"wp-block-columns is-layout-flex wp-container-core-columns-is-layout-9d6595d7 wp-block-columns-is-layout-flex\">\n<div class=\"wp-block-column esmuc__Menu_Masters is-layout-flow wp-block-column-is-layout-flow\" style=\"flex-basis:33.33%\">\n\n<\/div>\n\n\n\n<div class=\"wp-block-column is-layout-flow wp-block-column-is-layout-flow\" style=\"flex-basis:66.66%\"><div class=\"breadcrumbs align  wp-block-bcn-breadcrumb-trail has-text-color has-background\" vocab=\"https:\/\/schema.org\/\" typeof=\"BreadcrumbList\">\n\t<span><\/span>\n\t<span property=\"itemListElement\" typeof=\"ListItem\"><a property=\"item\" typeof=\"WebPage\" title=\"Ir a ESMUC.\" href=\"https:\/\/www.esmuc.cat\/es\/\" class=\"home\" ><span property=\"name\">ESMUC<\/span><\/a><meta property=\"position\" content=\"1\"><\/span> &gt; <span property=\"itemListElement\" typeof=\"ListItem\"><a property=\"item\" typeof=\"WebPage\" title=\"Ir a Servicios.\" href=\"https:\/\/www.esmuc.cat\/es\/servicios\/\" class=\"post post-page\" ><span property=\"name\">Servicios<\/span><\/a><meta property=\"position\" content=\"2\"><\/span> &gt; <span property=\"itemListElement\" typeof=\"ListItem\"><a property=\"item\" typeof=\"WebPage\" title=\"Ir a Biblioteca-CRAI de la ESMUC.\" href=\"https:\/\/www.esmuc.cat\/es\/servicios\/biblioteca-crai\/\" class=\"post post-page\" ><span property=\"name\">Biblioteca-CRAI de la ESMUC<\/span><\/a><meta property=\"position\" content=\"3\"><\/span> &gt; <span property=\"itemListElement\" typeof=\"ListItem\"><a property=\"item\" typeof=\"WebPage\" title=\"Ir a Fondos y coleciones.\" href=\"https:\/\/www.esmuc.cat\/es\/servicios\/biblioteca-crai\/fondos-y-colecciones\/\" class=\"post post-page\" ><span property=\"name\">Fondos y coleciones<\/span><\/a><meta property=\"position\" content=\"4\"><\/span> &gt; <span property=\"itemListElement\" typeof=\"ListItem\"><a property=\"item\" typeof=\"WebPage\" title=\"Ir a Archivos y fondos personales.\" href=\"https:\/\/www.esmuc.cat\/es\/servicios\/biblioteca-crai\/fondos-y-colecciones\/archivos-y-fondos-personales\/\" class=\"post post-page\" ><span property=\"name\">Archivos y fondos personales<\/span><\/a><meta property=\"position\" content=\"5\"><\/span> &gt; <span property=\"itemListElement\" typeof=\"ListItem\"><span property=\"name\" class=\"post post-page current-item\">Familia Aguilella Salgado<\/span><meta property=\"url\" content=\"https:\/\/www.esmuc.cat\/es\/servicios\/biblioteca-crai\/fondos-y-colecciones\/archivos-y-fondos-personales\/familia-aguilella-salgado\/\"><meta property=\"position\" content=\"6\"><\/span><\/div>\n\n\n\n<h1 class=\"wp-block-heading\">Familia Aguilella Salgado<\/h1>\n\n\n\n<div style=\"height:30px\" aria-hidden=\"true\" class=\"wp-block-spacer\"><\/div>\n\n\n\n<div id=\"section-ge76692\" class=\"wp-block-gutentor-e7 section-ge76692 gutentor-element gutentor-element-list\"><ul class=\"grid-row gutentor-grid-item-wrap list-indicator-icon\"><li class=\"gutentor-list-item grid-lg-12 grid-md-12 grid-12\"><span class=\"gutentor-single-item gutentor-single-item-0\"><span class=\"gutentor-list-item-wrap g-s-list-wrap\"><span class=\"gutentor-single-list-item-icon\"><i class=\"list-item-icon fas fa-angle-right\"><\/i><\/span><span class=\"gutentor-list-item\"><p class=\"gutentor-single-item-title\"> <strong>Biograf\u00eda<\/strong><\/p><\/span><\/span><\/span><\/li><\/ul><\/div>\n\n\n\n<p>Salvador Aguilella Peris naci\u00f3 en <strong>Onda (Castell\u00f3)<\/strong> el d\u00eda 6 de enero de 1898. Viaj\u00f3 a Filipinas donde se estableci\u00f3 una larga temporada durante la Guerra Civil Espa\u00f1ola, trabajando en la Compa\u00f1\u00eda General de Tabacos de Filipinas. All\u00e1 conoci\u00f3 a su mujer con quien tuvo dos hijos. Con el inicio de la Segunda Guerra Mundial volvi\u00f3 a Espa\u00f1a donde con frecuencia asisti\u00f3 al <strong>Gran Teatre del Liceu<\/strong> como espectador, y ejerciendo de  <strong>archivero aficionado<\/strong> durante los \u00faltimos treinta a\u00f1os de su vida. Muri\u00f3 el 27 de juliol de 1995.<\/p>\n\n\n\n<p>Su hijo, Manuel Aguilella Franco, naci\u00f3 en Manila el d\u00eda 8 de febrero de 1936. Continuando la trayectoria de su padre, fue un <strong>gran aficionado a la m\u00fasica<\/strong>. Lleg\u00f3 a Espa\u00f1a con su padre durante el comienzo de la Segunda Giuerra Mundial. Tuvo dos hijos y trabaj\u00f3 en una compa\u00f1\u00eda de seguros de hogar de Barcelona. Falleci\u00f3 el d\u00eda 17 de septiembre de 2003.<\/p>\n\n\n\n<div style=\"height:30px\" aria-hidden=\"true\" class=\"wp-block-spacer\"><\/div>\n\n\n\n<div id=\"section-g5a4db9\" class=\"wp-block-gutentor-e7 section-g5a4db9 gutentor-element gutentor-element-list\"><ul class=\"grid-row gutentor-grid-item-wrap list-indicator-icon\"><li class=\"gutentor-list-item grid-lg-12 grid-md-12 grid-12\"><span class=\"gutentor-single-item gutentor-single-item-0\"><span class=\"gutentor-list-item-wrap g-s-list-wrap\"><span class=\"gutentor-single-list-item-icon\"><i class=\"list-item-icon fas fa-angle-right\"><\/i><\/span><span class=\"gutentor-list-item\"><p class=\"gutentor-single-item-title\"> <strong>Inventari<\/strong>o <\/p><\/span><\/span><\/span><\/li><\/ul><\/div>\n\n\n\n<p>El fondo documental reune documentaci\u00f3n variada recopilada a lo largo de los a\u00f1os por la familia Aguilella Salgado, especialmente por <strong>Salvador y Manuel Aguilella<\/strong>. Est\u00e1 formado mayormente por una colecci\u00f3n de <strong>discos de vinilo, partituras impresas y manuscritas, programas de mano y recortes de prensa.<\/strong><\/p>\n\n\n\n<p>Sus dos hijos, Manuel y Maria del Carmen Aguilella Salgado, fueron los encargados de efectuar la donaci\u00f3n de una parte del patrimonio musical familiar, el cual desde el a\u00f1o 2004 forma parte de las colecciones de la Biblioteca de la ESMUC. El fondo no est\u00e1 catalogado pero puede consultarse el inventario:<\/p>\n\n\n\n<div id=\"section-gef6411\" class=\"wp-block-gutentor-e2 section-gef6411 gutentor-element gutentor-element-button\"><span class=\"gutentor-button-wrap\"><a class=\"gutentor-button gutentor-block-button gutentor-icon-hide\" href=\"https:\/\/www.esmuc.cat\/wp-content\/uploads\/2021\/11\/inventari_Aguilerlla.xls\"><i class=\"gutentor-button-icon fas fa-book\"><\/i><span>Inventario<\/span><\/a><\/span><\/div>\n\n\n\n<div style=\"height:49px\" aria-hidden=\"true\" class=\"wp-block-spacer\"><\/div>\n<\/div>\n<\/div>\n\n\n","protected":false},"excerpt":{"rendered":"<p>Familia Aguilella Salgado Salvador Aguilella Peris naci\u00f3 en Onda (Castell\u00f3) el d\u00eda 6 de enero de 1898. Viaj\u00f3 a Filipinas donde se estableci\u00f3 una larga temporada durante la Guerra Civil Espa\u00f1ola, trabajando en la Compa\u00f1\u00eda General de Tabacos de Filipinas. All\u00e1 conoci\u00f3 a su mujer con quien tuvo dos hijos. Con el inicio de la [&hellip;]<\/p>\n","protected":false},"author":5,"featured_media":0,"parent":41749,"menu_order":5,"comment_status":"closed","ping_status":"closed","template":"","meta":{"_acf_changed":false,"_themeisle_gutenberg_block_has_review":false,"footnotes":""},"categories":[1316],"tags":[1425,1426],"class_list":["post-41399","page","type-page","status-publish","hentry","category-biblioteca-crai-es","tag-donacions","tag-fons-personals"],"acf":[],"publishpress_future_action":{"enabled":false,"date":"2026-05-06 23:13:58","action":"change-status","newStatus":"draft","terms":[],"taxonomy":"category","extraData":[]},"publishpress_future_workflow_manual_trigger":{"enabledWorkflows":[]},"_links":{"self":[{"href":"https:\/\/www.esmuc.cat\/es\/wp-json\/wp\/v2\/pages\/41399","targetHints":{"allow":["GET"]}}],"collection":[{"href":"https:\/\/www.esmuc.cat\/es\/wp-json\/wp\/v2\/pages"}],"about":[{"href":"https:\/\/www.esmuc.cat\/es\/wp-json\/wp\/v2\/types\/page"}],"author":[{"embeddable":true,"href":"https:\/\/www.esmuc.cat\/es\/wp-json\/wp\/v2\/users\/5"}],"replies":[{"embeddable":true,"href":"https:\/\/www.esmuc.cat\/es\/wp-json\/wp\/v2\/comments?post=41399"}],"version-history":[{"count":2,"href":"https:\/\/www.esmuc.cat\/es\/wp-json\/wp\/v2\/pages\/41399\/revisions"}],"predecessor-version":[{"id":41409,"href":"https:\/\/www.esmuc.cat\/es\/wp-json\/wp\/v2\/pages\/41399\/revisions\/41409"}],"up":[{"embeddable":true,"href":"https:\/\/www.esmuc.cat\/es\/wp-json\/wp\/v2\/pages\/41749"}],"wp:attachment":[{"href":"https:\/\/www.esmuc.cat\/es\/wp-json\/wp\/v2\/media?parent=41399"}],"wp:term":[{"taxonomy":"category","embeddable":true,"href":"https:\/\/www.esmuc.cat\/es\/wp-json\/wp\/v2\/categories?post=41399"},{"taxonomy":"post_tag","embeddable":true,"href":"https:\/\/www.esmuc.cat\/es\/wp-json\/wp\/v2\/tags?post=41399"}],"curies":[{"name":"wp","href":"https:\/\/api.w.org\/{rel}","templated":true}]}}

<div class="wp-block-columns is-layout-flex wp-container-core-columns-is-layout-9d6595d7 wp-block-columns-is-layout-flex">
<div class="wp-block-column esmuc__Menu_Masters is-layout-flow wp-block-column-is-layout-flow" style="flex-basis:33.33%">

</div>



<div class="wp-block-column is-layout-flow wp-block-column-is-layout-flow" style="flex-basis:66.66%"><div class="breadcrumbs align  wp-block-bcn-breadcrumb-trail has-text-color has-background" vocab="https://schema.org/" typeof="BreadcrumbList">
	<span></span>
	<span property="itemListElement" typeof="ListItem"><a property="item" typeof="WebPage" title="Ir a ESMUC." href="https://www.esmuc.cat/es/" class="home" ><span property="name">ESMUC</span></a><meta property="position" content="1"></span> &gt; <span property="itemListElement" typeof="ListItem"><a property="item" typeof="WebPage" title="Ir a Servicios." href="https://www.esmuc.cat/es/servicios/" class="post post-page" ><span property="name">Servicios</span></a><meta property="position" content="2"></span> &gt; <span property="itemListElement" typeof="ListItem"><a property="item" typeof="WebPage" title="Ir a Biblioteca-CRAI de la ESMUC." href="https://www.esmuc.cat/es/servicios/biblioteca-crai/" class="post post-page" ><span property="name">Biblioteca-CRAI de la ESMUC</span></a><meta property="position" content="3"></span> &gt; <span property="itemListElement" typeof="ListItem"><a property="item" typeof="WebPage" title="Ir a Fondos y coleciones." href="https://www.esmuc.cat/es/servicios/biblioteca-crai/fondos-y-colecciones/" class="post post-page" ><span property="name">Fondos y coleciones</span></a><meta property="position" content="4"></span> &gt; <span property="itemListElement" typeof="ListItem"><a property="item" typeof="WebPage" title="Ir a Archivos y fondos personales." href="https://www.esmuc.cat/es/servicios/biblioteca-crai/fondos-y-colecciones/archivos-y-fondos-personales/" class="post post-page" ><span property="name">Archivos y fondos personales</span></a><meta property="position" content="5"></span> &gt; <span property="itemListElement" typeof="ListItem"><span property="name" class="post post-page current-item">Familia Aguilella Salgado</span><meta property="url" content="https://www.esmuc.cat/es/servicios/biblioteca-crai/fondos-y-colecciones/archivos-y-fondos-personales/familia-aguilella-salgado/"><meta property="position" content="6"></span></div>



<h1 class="wp-block-heading">Familia Aguilella Salgado</h1>



<div style="height:30px" aria-hidden="true" class="wp-block-spacer"></div>



<div id="section-ge76692" class="wp-block-gutentor-e7 section-ge76692 gutentor-element gutentor-element-list"><ul class="grid-row gutentor-grid-item-wrap list-indicator-icon"><li class="gutentor-list-item grid-lg-12 grid-md-12 grid-12"><span class="gutentor-single-item gutentor-single-item-0"><span class="gutentor-list-item-wrap g-s-list-wrap"><span class="gutentor-single-list-item-icon"><i class="list-item-icon fas fa-angle-right"></i></span><span class="gutentor-list-item"><p class="gutentor-single-item-title"> <strong>Biografía</strong></p></span></span></span></li></ul></div>



<p>Salvador Aguilella Peris nació en <strong>Onda (Castelló)</strong> el día 6 de enero de 1898. Viajó a Filipinas donde se estableció una larga temporada durante la Guerra Civil Española, trabajando en la Compañía General de Tabacos de Filipinas. Allá conoció a su mujer con quien tuvo dos hijos. Con el inicio de la Segunda Guerra Mundial volvió a España donde con frecuencia asistió al <strong>Gran Teatre del Liceu</strong> como espectador, y ejerciendo de  <strong>archivero aficionado</strong> durante los últimos treinta años de su vida. Murió el 27 de juliol de 1995.</p>



<p>Su hijo, Manuel Aguilella Franco, nació en Manila el día 8 de febrero de 1936. Continuando la trayectoria de su padre, fue un <strong>gran aficionado a la música</strong>. Llegó a España con su padre durante el comienzo de la Segunda Giuerra Mundial. Tuvo dos hijos y trabajó en una compañía de seguros de hogar de Barcelona. Falleció el día 17 de septiembre de 2003.</p>



<div style="height:30px" aria-hidden="true" class="wp-block-spacer"></div>



<div id="section-g5a4db9" class="wp-block-gutentor-e7 section-g5a4db9 gutentor-element gutentor-element-list"><ul class="grid-row gutentor-grid-item-wrap list-indicator-icon"><li class="gutentor-list-item grid-lg-12 grid-md-12 grid-12"><span class="gutentor-single-item gutentor-single-item-0"><span class="gutentor-list-item-wrap g-s-list-wrap"><span class="gutentor-single-list-item-icon"><i class="list-item-icon fas fa-angle-right"></i></span><span class="gutentor-list-item"><p class="gutentor-single-item-title"> <strong>Inventari</strong>o </p></span></span></span></li></ul></div>



<p>El fondo documental reune documentación variada recopilada a lo largo de los años por la familia Aguilella Salgado, especialmente por <strong>Salvador y Manuel Aguilella</strong>. Está formado mayormente por una colección de <strong>discos de vinilo, partituras impresas y manuscritas, programas de mano y recortes de prensa.</strong></p>



<p>Sus dos hijos, Manuel y Maria del Carmen Aguilella Salgado, fueron los encargados de efectuar la donación de una parte del patrimonio musical familiar, el cual desde el año 2004 forma parte de las colecciones de la Biblioteca de la ESMUC. El fondo no está catalogado pero puede consultarse el inventario:</p>



<div id="section-gef6411" class="wp-block-gutentor-e2 section-gef6411 gutentor-element gutentor-element-button"><span class="gutentor-button-wrap"><a class="gutentor-button gutentor-block-button gutentor-icon-hide" href="https://www.esmuc.cat/wp-content/uploads/2021/11/inventari_Aguilerlla.xls"><i class="gutentor-button-icon fas fa-book"></i><span>Inventario</span></a></span></div>



<div style="height:49px" aria-hidden="true" class="wp-block-spacer"></div>
</div>
</div>

<p>Familia Aguilella Salgado Salvador Aguilella Peris nació en Onda (Castelló) el día 6 de enero de 1898. Viajó a Filipinas donde se estableció una larga temporada durante la Guerra Civil Española, trabajando en la Compañía General de Tabacos de Filipinas. Allá conoció a su mujer con quien tuvo dos hijos. Con el inicio de la [&hellip;]</p>
