{"id":36385,"date":"2021-12-22T09:10:50","date_gmt":"2021-12-22T08:10:50","guid":{"rendered":"https:\/\/www.esmuc.cat\/concerts\/un-cafe-amb-notes-dantiga\/"},"modified":"2025-01-10T11:59:30","modified_gmt":"2025-01-10T10:59:30","slug":"un-cafe-amb-notes-dantiga","status":"publish","type":"page","link":"https:\/\/www.esmuc.cat\/es\/actividades\/concerts\/un-cafe-amb-notes-dantiga\/","title":{"rendered":"Un caf\u00e9 con notas de Antigua"},"content":{"rendered":"<div class=\"breadcrumbs align  wp-block-bcn-breadcrumb-trail has-text-color has-background\" vocab=\"https:\/\/schema.org\/\" typeof=\"BreadcrumbList\">\n\t<span><\/span>\n\t<span property=\"itemListElement\" typeof=\"ListItem\"><a property=\"item\" typeof=\"WebPage\" title=\"Ir a ESMUC.\" href=\"https:\/\/www.esmuc.cat\/es\/\" class=\"home\" ><span property=\"name\">ESMUC<\/span><\/a><meta property=\"position\" content=\"1\"><\/span> &gt; <span property=\"itemListElement\" typeof=\"ListItem\"><a property=\"item\" typeof=\"WebPage\" title=\"Ir a Actividades.\" href=\"https:\/\/www.esmuc.cat\/es\/actividades\/\" class=\"post post-page\" ><span property=\"name\">Actividades<\/span><\/a><meta property=\"position\" content=\"2\"><\/span> &gt; <span property=\"itemListElement\" typeof=\"ListItem\"><a property=\"item\" typeof=\"WebPage\" title=\"Ir a Ciclos y colaboraciones.\" href=\"https:\/\/www.esmuc.cat\/es\/actividades\/concerts\/\" class=\"post post-page\" ><span property=\"name\">Ciclos y colaboraciones<\/span><\/a><meta property=\"position\" content=\"3\"><\/span> &gt; <span property=\"itemListElement\" typeof=\"ListItem\"><span property=\"name\" class=\"post post-page current-item\">Un caf\u00e9 con notas de Antigua<\/span><meta property=\"url\" content=\"https:\/\/www.esmuc.cat\/es\/actividades\/concerts\/un-cafe-amb-notes-dantiga\/\"><meta property=\"position\" content=\"4\"><\/span><\/div>\n\n\n\n<div style=\"height:22px\" aria-hidden=\"true\" class=\"wp-block-spacer\"><\/div>\n\n\n\n<div class=\"wp-block-columns is-layout-flex wp-container-core-columns-is-layout-9d6595d7 wp-block-columns-is-layout-flex\">\n<div class=\"wp-block-column is-layout-flow wp-block-column-is-layout-flow\" style=\"flex-basis:100%\">\n<div class=\"wp-block-columns is-layout-flex wp-container-core-columns-is-layout-9d6595d7 wp-block-columns-is-layout-flex\">\n<div class=\"wp-block-column is-layout-flow wp-block-column-is-layout-flow\" style=\"flex-basis:66.66%\">\n<h1 class=\"wp-block-heading\">Un caf\u00e9 con notas de Antigua<\/h1>\n\n\n\n<div style=\"height:16px\" aria-hidden=\"true\" class=\"wp-block-spacer\"><\/div>\n\n\n\n<p>Los <strong>domingos por la ma\u00f1ana<\/strong>, la sala de teclados del <a href=\"https:\/\/ajuntament.barcelona.cat\/museumusica\/ca\" target=\"_blank\" rel=\"noreferrer noopener\">Museo de la M\u00fasica<\/a> acoge un ciclo de conciertos con diversas formaciones de estudiantes y profesorado de <strong>M\u00fasica Antigua<\/strong> de la ESMUC. Encontrar\u00e1 int\u00e9rpretes de renombre y repertorios que vale la pena descubrir.<\/p>\n\n\n\n<p>Y adem\u00e1s, mientras escucha el concierto, podr\u00e1 disfrutar a la vez de una taza de caf\u00e9, para despertar los sentidos y mezclar en el aire las notas musicales con las arom\u00e1ticas. \u00a1Una buena manera de empezar el domingo!<\/p>\n\n\n\n<div style=\"height:23px\" aria-hidden=\"true\" class=\"wp-block-spacer\"><\/div>\n\n\n\n<div id=\"section-gb5fdc6\" class=\"wp-block-gutentor-e6 section-gb5fdc6 gutentor-element gutentor-element-image\"><div class=\"gutentor-element-image-box\"><div class=\"gutentor-image-thumb\"><img decoding=\"async\" class=\"normal-image\" src=\"https:\/\/www.esmuc.cat\/wp-content\/uploads\/2021\/12\/CAFE1-amb-text.jpg\" alt=\"Un caf\u00e8 amb notes d'Antiga\" \/><\/div><\/div><\/div>\n\n\n\n<div style=\"height:50px\" aria-hidden=\"true\" class=\"wp-block-spacer\"><\/div>\n\n\n\n<p><\/p>\n\n\n\n<h2 class=\"wp-block-heading\"><\/h2>\n<\/div>\n<\/div>\n<\/div>\n<\/div>\n\n\n\n<p><\/p>\n","protected":false},"excerpt":{"rendered":"<p>Un caf\u00e9 con notas de Antigua Los domingos por la ma\u00f1ana, la sala de teclados del Museo de la M\u00fasica acoge un ciclo de conciertos con diversas formaciones de estudiantes y profesorado de M\u00fasica Antigua de la ESMUC. Encontrar\u00e1 int\u00e9rpretes de renombre y repertorios que vale la pena descubrir. Y adem\u00e1s, mientras escucha el concierto, [&hellip;]<\/p>\n","protected":false},"author":4,"featured_media":25145,"parent":34337,"menu_order":0,"comment_status":"closed","ping_status":"closed","template":"","meta":{"_acf_changed":false,"_themeisle_gutenberg_block_has_review":false,"footnotes":""},"categories":[1074,1252,976],"tags":[1259,1181],"class_list":["post-36385","page","type-page","status-publish","has-post-thumbnail","hentry","category-conciertos","category-departament-de-musica-antiga-es","category-escola-es","tag-concerts-es","tag-musica-antiga-es"],"acf":[],"publishpress_future_action":{"enabled":false,"date":"2026-05-09 04:44:33","action":"change-status","newStatus":"draft","terms":[],"taxonomy":"category","extraData":[]},"publishpress_future_workflow_manual_trigger":{"enabledWorkflows":[]},"_links":{"self":[{"href":"https:\/\/www.esmuc.cat\/es\/wp-json\/wp\/v2\/pages\/36385","targetHints":{"allow":["GET"]}}],"collection":[{"href":"https:\/\/www.esmuc.cat\/es\/wp-json\/wp\/v2\/pages"}],"about":[{"href":"https:\/\/www.esmuc.cat\/es\/wp-json\/wp\/v2\/types\/page"}],"author":[{"embeddable":true,"href":"https:\/\/www.esmuc.cat\/es\/wp-json\/wp\/v2\/users\/4"}],"replies":[{"embeddable":true,"href":"https:\/\/www.esmuc.cat\/es\/wp-json\/wp\/v2\/comments?post=36385"}],"version-history":[{"count":5,"href":"https:\/\/www.esmuc.cat\/es\/wp-json\/wp\/v2\/pages\/36385\/revisions"}],"predecessor-version":[{"id":103212,"href":"https:\/\/www.esmuc.cat\/es\/wp-json\/wp\/v2\/pages\/36385\/revisions\/103212"}],"up":[{"embeddable":true,"href":"https:\/\/www.esmuc.cat\/es\/wp-json\/wp\/v2\/pages\/34337"}],"wp:featuredmedia":[{"embeddable":true,"href":"https:\/\/www.esmuc.cat\/es\/wp-json\/wp\/v2\/media\/25145"}],"wp:attachment":[{"href":"https:\/\/www.esmuc.cat\/es\/wp-json\/wp\/v2\/media?parent=36385"}],"wp:term":[{"taxonomy":"category","embeddable":true,"href":"https:\/\/www.esmuc.cat\/es\/wp-json\/wp\/v2\/categories?post=36385"},{"taxonomy":"post_tag","embeddable":true,"href":"https:\/\/www.esmuc.cat\/es\/wp-json\/wp\/v2\/tags?post=36385"}],"curies":[{"name":"wp","href":"https:\/\/api.w.org\/{rel}","templated":true}]}}

Un café con notas de Antigua

<div class="breadcrumbs align  wp-block-bcn-breadcrumb-trail has-text-color has-background" vocab="https://schema.org/" typeof="BreadcrumbList">
	<span></span>
	<span property="itemListElement" typeof="ListItem"><a property="item" typeof="WebPage" title="Ir a ESMUC." href="https://www.esmuc.cat/es/" class="home" ><span property="name">ESMUC</span></a><meta property="position" content="1"></span> &gt; <span property="itemListElement" typeof="ListItem"><a property="item" typeof="WebPage" title="Ir a Actividades." href="https://www.esmuc.cat/es/actividades/" class="post post-page" ><span property="name">Actividades</span></a><meta property="position" content="2"></span> &gt; <span property="itemListElement" typeof="ListItem"><a property="item" typeof="WebPage" title="Ir a Ciclos y colaboraciones." href="https://www.esmuc.cat/es/actividades/concerts/" class="post post-page" ><span property="name">Ciclos y colaboraciones</span></a><meta property="position" content="3"></span> &gt; <span property="itemListElement" typeof="ListItem"><span property="name" class="post post-page current-item">Un café con notas de Antigua</span><meta property="url" content="https://www.esmuc.cat/es/actividades/concerts/un-cafe-amb-notes-dantiga/"><meta property="position" content="4"></span></div>



<div style="height:22px" aria-hidden="true" class="wp-block-spacer"></div>



<div class="wp-block-columns is-layout-flex wp-container-core-columns-is-layout-9d6595d7 wp-block-columns-is-layout-flex">
<div class="wp-block-column is-layout-flow wp-block-column-is-layout-flow" style="flex-basis:100%">
<div class="wp-block-columns is-layout-flex wp-container-core-columns-is-layout-9d6595d7 wp-block-columns-is-layout-flex">
<div class="wp-block-column is-layout-flow wp-block-column-is-layout-flow" style="flex-basis:66.66%">
<h1 class="wp-block-heading">Un café con notas de Antigua</h1>



<div style="height:16px" aria-hidden="true" class="wp-block-spacer"></div>



<p>Los <strong>domingos por la mañana</strong>, la sala de teclados del <a href="https://ajuntament.barcelona.cat/museumusica/ca" target="_blank" rel="noreferrer noopener">Museo de la Música</a> acoge un ciclo de conciertos con diversas formaciones de estudiantes y profesorado de <strong>Música Antigua</strong> de la ESMUC. Encontrará intérpretes de renombre y repertorios que vale la pena descubrir.</p>



<p>Y además, mientras escucha el concierto, podrá disfrutar a la vez de una taza de café, para despertar los sentidos y mezclar en el aire las notas musicales con las aromáticas. ¡Una buena manera de empezar el domingo!</p>



<div style="height:23px" aria-hidden="true" class="wp-block-spacer"></div>



<div id="section-gb5fdc6" class="wp-block-gutentor-e6 section-gb5fdc6 gutentor-element gutentor-element-image"><div class="gutentor-element-image-box"><div class="gutentor-image-thumb"><img decoding="async" class="normal-image" src="https://www.esmuc.cat/wp-content/uploads/2021/12/CAFE1-amb-text.jpg" alt="Un cafè amb notes d'Antiga" /></div></div></div>



<div style="height:50px" aria-hidden="true" class="wp-block-spacer"></div>



<p></p>



<h2 class="wp-block-heading"></h2>
</div>
</div>
</div>
</div>



<p></p>

<p>Un café con notas de Antigua Los domingos por la mañana, la sala de teclados del Museo de la Música acoge un ciclo de conciertos con diversas formaciones de estudiantes y profesorado de Música Antigua de la ESMUC. Encontrará intérpretes de renombre y repertorios que vale la pena descubrir. Y además, mientras escucha el concierto, [&hellip;]</p>
